git of 639761343?
6
What is the billions digit of 5781801361?
5
What is the thousands digit of 128175475?
5
What is the ten thousands digit of 41079014?
7
What is the ten millions digit of 1457033010?
5
What is the ten millions digit of 186684257?
8
What is the hundreds digit of 1568273855?
8
What is the hundred millions digit of 415572448?
4
What is the thousands digit of 103478319?
8
What is the thousands digit of 122068010?
8
What is the millions digit of 3172354951?
2
What is the hundred thousands digit of 69860069?
8
What is the hundreds digit of 231796602?
6
What is the hundred thousands digit of 147482363?
4
What is the units digit of 268332645?
5
What is the units digit of 5765827811?
1
What is the units digit of 48685101?
1
What is the hundred millions digit of 119851052?
1
What is the hundred millions digit of 1491955511?
4
What is the tens digit of 54599579?
7
What is the units digit of 4974580628?
8
What is the millions digit of 3703043503?
3
What is the millions digit of 40111965?
0
What is the tens digit of 4797092733?
3
What is the millions digit of 4364876?
4
What is the hundred thousands digit of 785845613?
8
What is the ten thousands digit of 367933775?
3
What is the hundred thousands digit of 1475569863?
5
What is the units digit of 70161558?
8
What is the hundred thousands digit of 1065719808?
7
What is the hundred thousands digit of 4608215837?
2
What is the units digit of 6831927791?
1
What is the tens digit of 1931271329?
2
What is the hundred thousands digit of 6411834?
4
What is the millions digit of 573338243?
3
What is the hundreds digit of 2387691998?
9
What is the millions digit of 202057203?
2
What is the millions digit of 107909918?
7
What is the ten thousands digit of 995257945?
5
What is the ten thousands digit of 14688846?
8
What is the units digit of 2344089716?
6
What is the ten thousands digit of 3483501222?
0
What is the ten millions digit of 1051284343?
5
What is the units digit of 166588489?
9
What is the thousands digit of 63387313?
7
What is the ten thousands digit of 108385501?
8
What is the hundred thousands digit of 181040484?
0
What is the millions digit of 836574379?
6
What is the units digit of 632736861?
1
What is the millions digit of 899101474?
9
What is the thousands digit of 557399186?
9
What is the tens digit of 57659365?
6
What is the thousands digit of 158411523?
1
What is the millions digit of 503665470?
3
What is the ten millions digit of 54719223?
5
What is the thousands digit of 375825094?
5
What is the ten millions digit of 6312437902?
1
What is the thousands digit of 98541060?
1
What is the millions digit of 40281375?
0
What is the units digit of 187096484?
4
What is the hundreds digit of 20531161?
1
What is the thousands digit of 64561196?
1
What is the ten millions digit of 71748228?
7
What is the hundred millions digit of 290126447?
2
What is the hundred thousands digit of 308911852?
9
What is the tens digit of 236890127?
2
What is the tens digit of 8259126?
2
What is the units digit of 27954813?
3
What is the thousands digit of 1357870576?
0
What is the millions digit of 149919260?
9
What is the hundreds digit of 24210177?
1
What is the hundred thousands digit of 37994514?
9
What is the millions digit of 14219585?
4
What is the hundred thousands digit of 142443044?
4
What is the hundred millions digit of 4076683770?
0
What is the millions digit of 61641854?
1
What is the hundred thousands digit of 7228259786?
2
What is the ten thousands digit of 5215974856?
7
What is the units digit of 29426077?
7
What is the ten millions digit of 71297062?
7
What is the tens digit of 98427901?
0
What is the units digit of 136417745?
5
What is the thousands digit of 1614966662?
6
What is the hundred thousands digit of 12455792?
4
What is the hundred thousands digit of 4663397821?
3
What is the hundred thousands digit of 105898816?
8
What is the ten millions digit of 79327771?
7
What is the millions digit of 662062681?
2
What is the millions digit of 105547017?
5
What is the hundreds digit of 74462659?
6
What is the units digit of 41018717?
7
What is the millions digit of 2471636120?
1
What is the tens digit of 27608685?
8
What is the ten thousands digit of 471403290?
0
What is the hundreds digit of 103398355?
3
What is the hundreds digit of 375831?
8
What is the millions digit of 94691269?
4
What is the ten millions digit of 259340195?
5
What is the thousands digit of 1225511907?
1
What is the millions digit of 116310349?
6
What is the millions digit of 186027521?
6
What is the ten millions digit of 255545772?
5
What is the thousands digit of 85353919?
3
What is the units digit of 71067833?
3
What is the tens digit of 13894276?
7
What is the hundreds digit of 7083125107?
1
What is the ten thousands digit of 54126588?
2
What is the thousands digit of 84291847?
1
What is the units digit of 93576826?
6
What is the millions digit of 212055929?
2
What is the hundreds digit of 2284649054?
0
What is the ten millions digit of 154179167?
5
What is the units digit of 177448303?
3
What is the ten millions digit of 274193832?
7
What is the hundreds digit of 2364131217?
2
What is the hundred millions digit of 1503848504?
5
What is the ten millions digit of 2736410634?
3
What is the units digit of 301622438?
8
What is the thousands digit of 1177666015?
6
What is the hundred millions digit of 255152483?
2
What is the ten millions digit of 127386238?
2
What is the ten millions digit of 183257807?
8
What is the millions digit of 4943785175?
3
What is the hundred thousands digit of 102758950?
7
What is the hundred thousands digit of 2783991879?
9
What is the tens digit of 57362336?
3
What is the hundreds digit of 2850166209?
2
What is the hundreds digit of 603834117?
1
What is the billions digit of 4123435048?
4
What is the tens digit of 121234633?
3
What is the ten millions digit of 484504124?
8
What is the ten thousands digit of 18027437?
2
What is the millions digit of 59173665?
9
What is the millions digit of 3387460?
3
What is the units digit of 52227462?
2
What is the hundred thousands digit of 121108112?
1
What is the hundreds digit of 107491067?
0
What is the ten thousands digit of 4462960?
6
What is the thousands digit of 59784520?
4
What is the units digit of 146971120?
0
What is the hundred millions digit of 2488127178?
4
What is the thousands digit of 135259812?
9
What is the tens digit of 1750353499?
9
What is the units digit of 447328693?
3
What is the hundred thousands digit of 2487842314?
8
What is the hundred millions digit of 152082217?
1
What is the billions digit of 3452132390?
3
What is the thousands digit of 49179780?
9
What is the hundred millions digit of 134056610?
1
What is the ten millions digit of 179561632?
7
What is the millions digit of 2657466980?
7
What is the hundreds digit of 675954998?
9
What is the hundred thousands digit of 15471673?
4
What is the hundred thousands digit of 5970294356?
2
What is the hundred millions digit of 304290195?
3
What is the hundred thousands digit of 89310372?
3
What is the millions digit of 1141318838?
1
What is the hundred thousands digit of 1634728090?
7
What is the hundreds digit of 77793288?
2
What is the tens digit of 265850349?
4
What is the millions digit of 1715436817?
5
What is the hundreds digit of 207995625?
6
What is the hundreds digit of 674462?
4
What is the ten millions digit of 2964934362?
6
What is the tens digit of 40621476?
7
What is the units digit of 113883986?
6
What is the hundred millions digit of 983651036?
9
What is the hundreds digit of 80542839?
8
What is the units digit of 374542305?
5
What is the ten millions digit of 494231869?
9
What is the hundreds digit of 806371108?
1
What is the tens digit of 3691484?
8
What is the thousands digit of 87623825?
3
What is the hundred thousands digit of 17291660?
2
What is the ten thousands digit of 106845619?
4
What is the ten millions digit of 527452728?
2
What is the units digit of 3596463789?
9
What is the millions digit of 573857023?
3
What is the units digit of 32370443?
3
What is the tens digit of 918313?
1
What is the thousands digit of 307388085?
8
What is the millions digit of 298475717?
8
What is the hundred thousands digit of 700034272?
0
What is the thousands digit 